8*w - 5280. Give k(-3).
38
Let n(f) = -2*f**2 + 3 - 4 + 1 - f**3 + 3*f. Let p(w) = -w**2 - 12*w - 9. Let v be 15/(4 + -5) + 4. Let s be p(v). Give n(s).
-10
Let a(j) = 4*j - 5*j - 1 - 4*j + j. Let i(h) = 7*h - 1. Let d(z) = z. Let m be d(0). Let y be i(m). Give a(y).
3
Let o(u) = 84*u + 90*u - 170*u - 1. Suppose -8*i - 35 = 5*g - 3*i, -2 = g - 4*i. Calculate o(g).
-25
Let v be (175 - 174)/(5/13)*5. Let r(p) = p + 54. Give r(v).
67
Let o(l) be the first derivative of -l**6/120 + l**5/12 - l**4/6 + l**3/3 - 17*l**2 - 6. Let q(b) be the second derivative of o(b). What is q(4)?
2
Let g(b) = 8 + 7 - 7 + 2252*b - 6*b**2 - 2248*b - b**3. Let x = 2 - -8. Let v be (-136)/22 - x/(-55). What is g(v)?
-16
Let r = 6712 + -6712. Let j(m) be the first derivative of -1/2*m**2 + 0*m**3 - 6*m - 1/4*m**4 - 1. Determine j(r).
-6
Let l(y) be the first derivative of 11*y**2 - 419*y - 3375. Determine l(19).
-1
Suppose 2*r + 20 = 11*j - 7*j, 2*r + 4 = 0. Let b(l) be the third derivative of 0*l**3 + 0*l + 0 + 1/6*l**j - 14*l**2. Determine b(1).
4
Let w(h) = 0*h**2 + h**2 + 124 + 9*h - 150 - 2*h**2. What is w(6)?
-8
Let d(b) = -1. Let h(w) = w + 1. Let t(a) = -5*d(a) - h(a). Let r = -46 - -34. Let n(o) = o + 12. Let q be n(r). Calculate t(q).
4
Let s(r) be the first derivative of r**2/2 + 16*r + 1519. Calculate s(-10).
6
Let r(j) = 63*j + 23*j**2 - 5624027*j**3 + 5624026*j**3 + 22 - 5*j**2. Determine r(21).
22
Let t(r) = -20*r - 25. Let c(q) = 9*q + 6. Let d(m) = 27*m + 19. Let x(f) = -17*c(f) + 6*d(f). Let g(y) = 4*t(y) + 9*x(y). Determine g(-9).
-1
Suppose 0 = -5*v + 2*v - 5*p + 30, 0 = v - p - 2. Let t(w) = 14*w**3 + 3*w - 10*w**3 + 3*w**2 + w**2 - v*w**3 - 1. What is t(5)?
-11
Let t(u) = -4*u**2 + 8*u - 10. Let l(q) = -q - 5. Let j(n) = -6*n**2 + 13*n - 39. Let d(a) = j(a) - 4*l(a). Let v(x) = -3*d(x) + 5*t(x). What is v(-6)?
1
Suppose -3 = -2*p - 3*f, 2*f = -0 - 6. Let s(c) = 11*c + 80. Let b be s(-7). Let v(u) = 21 - 17 - 5*u**2 - 7*u + u**b + 0*u**3. Give v(p).
-2
Let n = -37067/2 + 18536. Let h(p) be the first derivative of -n*p**2 + 2*p - 32. Determine h(2).
-8
Let u(f) = 4*f**2 - 6*f + 12. Let g(z) = -z**2 + 2*z - 2. Let c(t) = 7*g(t) + 2*u(t). Calculate c(4).
34
Let r be (-20)/(-6) - 6/18. Let p(y) = 6*y**r - 5*y**3 + y - 9*y**3 + 7 + 7*y**3. Determine p(0).
7
Let g(n) = n - 2. Suppose 4*d - 3*j - 276 = 0, 3*d - 6*d + j = -202. Let a = 640 + -703. Let f = a + d. Calculate g(f).
1
Suppose 4*b - 5*h = 11, 5*h = 5*b - 11 - 4. Suppose -23 = -17*f + 28. Let i(c) = -11*c**f + 0*c**2 - 2*c - 3*c**2 + 12*c**3 + 3 - c. Determine i(b).
7
Let m(u) = -u - 4. Let d = -494 + 555. Suppose -5*q + d - 51 = 0. Give m(q).
-6
Suppose 13 = 4*g + 9. Let h(m) be the second derivative of m**4/6 - m**3/3 - m**2/2 + 37*m - 2. Let k be h(g). Let x(z) = 6*z**3 + z**2 - 1. Calculate x(k).
-6
Let s(a) = 3*a + 11. Let l(p) = -6*p - 21. Let d(w) = 2*l(w) + 5*s(w). Let g = 684497 + -684502. Calculate d(g).
-2
Let g(s) = 2*s**2 - 1. Suppose -15 = 2*c - 5*c. Suppose c*f = -12 - 13, f = 5*n - 35. Let t be ((-4)/(-6))/(114/18 - n). Give g(t).
7
Let g(h) = -h + 10. Let l(q) = -4*q + 48. Let j(r) = 24*g(r) - 5*l(r). Let b(f) = 2*f. Let m(n) = 14*b(n) + 6*j(n). Give m(4).
16
Let z(i) be the second derivative of i**3/3 - i**2 + 51*i. Let b(m) = -12*m + 12. Let d(h) = b(h) + 5*z(h). Suppose 0 = -5*a - 15 - 15. Determine d(a).
14
Suppose -6 = 306*h - 302*h - 2*n, 5*n + 39 = -17*h. Let k(l) = -7*l - 29. What is k(h)?
-15
Let f(d) = 2*d**2 + 14*d + 14. Let q(h) = h**2 - 15*h + 48. Let b be q(11). Suppose 0 = 5*v + 5*y + 30, 0*v + v = -b*y - 6. Give f(v).
2
Let z(p) = p**2 - 29. Suppose 5*j = 2*a - 3 + 5, -10 = -5*a + 5*j. Suppose -2*h = -2*w + 8, 10 = 3*h + a. Suppose 4*q + 6 = w. Calculate z(q).
-29
Let x(t) = -2*t - 13. Let v be x(-9). Suppose -h + 3 = 3*k - v, 0 = -5*k + 10. Let d(j) = j**3 - 3*j**2 + 2. What is d(h)?
-2
Let a be 33/18 + 1/6. Let s(v) = -3*v + 12. Let i(q) = 7*q - 4. Let b(g) = -10*g + 5. Let c(y) = -2*b(y) - 3*i(y). Let p(n) = -6*c(n) + s(n). Give p(a).
6
Let h(t) = 3*t + 3172*t**2 - 1 - 3171*t**2 - 2*t - 7*t. Suppose 15 - 3 = 4*n. Let s(i) = i**2 - i - 3. Let j be s(n). Calculate h(j).
-10
Let w = 40 + -38. Suppose -w*t + 4*v + 10 = 0, 0*v - 15 = -3*t - 2*v. Let l(i) = -5*i + 13*i - 10*i**2 + 7 - 4*i**3 + t*i**3. Determine l(9).
-2
Let l(z) = -z**3 + z**2 + 2*z - 1. Let q(y) = -3*y**3 + 12*y**2 + 26*y + 1. Let i(x) = 4*l(x) - q(x). What is i(-2)?
7
Let s(q) be the second derivative of 0*q**2 - 25 + 0*q**3 + 1/120*q**5 + 35/12*q**4 - 2*q + 1/72*q**6. Let l(b) be the third derivative of s(b). Give l(1).
11
Suppose 5*v + 392 = 3*g + 443, -2*g = -3*v + 32. Let p(o) = -2 + 2*o**2 - o**2 - 1 - 3 + 3*o. Calculate p(g).
22
Suppose 0 = -4*q - 3*a - 11, 5*q + 14 = -0*q - 4*a. Let h(p) be the first derivative of -p**3/3 + p**2 + 2*p + 10484. What is h(q)?
-6
Let f = -57367 + 57365. Let l(x) = 2*x + 2 + 2*x**3 + x**3 + 2*x**2 + 0*x. Calculate l(f).
-18
Let z(j) be the second derivative of j**5/20 - j**4/6 - j**3/3 + j**2 - 14*j + 17. Suppose -4*x - 5*w = -17, 4*x + 3*w - 2 = 13. What is z(x)?
5
Let j(y) be the first derivative of y**3/3 + 12*y**2 - 32*y - 3976. Determine j(-26).
20
Let d(q) be the second derivative of -q**5/20 - q**4/12 + 17*q**3/6 + q**2 - 579*q. Calculate d(-4).
-18
Let t = 244107 - 244107. Let d(z) = -z + z - 5 - 5*z + z**2. Determine d(t).
-5
Let j(q) = q**3 - 7*q**2 + 7*q + 8. Let i be (-14 - 18)/(-16) + 3. Give j(i).
-7
Let d(s) be the first derivative of 3*s**2/2 + 26*s + 6202. Give d(-8).
2
Suppose 0 = 3*p - 4*c - 4, 5*c = 3*p + 4 - 12. Let a(w) be the third derivative of 9*w**2 - 1/6*w**3 - 5/24*w**4 + 0*w + 0 - 1/60*w**5. Give a(p).
3
Let q(d) = -11*d - 173. Suppose 0 = 14*j - 12*j + 32. Let m be q(j). Let z(o) = -o**3 + o**2 + 2*o + 2. What is z(m)?
-10
Let i(b) = b**2 - 6*b - 26. Let p be i(10). Let y = 2 + p. Let g be (3/2)/1 + y/(-32). Let z(v) = -3*v**3 - v**2 + 1. Calculate z(g).
-3
Let k(w) = -4*w**2 - 4*w + 1. Let q(m) = 5*m - 116. Let i be q(24). Suppose 0 = -2*r + 3*j - 15, i - 7 = 4*r + 3*j. Calculate k(r).
-23
Let l(s) = s + 14. Let x(p) = 4*p**3 + 9*p**2 + 6*p + 5. Let n be x(-3). Let w = -48 - n. Give l(w).
6
Let p(z) = 4*z - 1. Suppose 6*y + 360 = 12*y. Suppose y = -5*t + 80. What is p(t)?
15
Let s(g) = -9 - 21*g + g**2 - 130 + 11*g + 12*g. Give s(11).
4
Let t(u) = 39*u - 13*u - 5*u - 70. Calculate t(3).
-7
Let y(t) be the first derivative of -t**7/840 + t**6/360 + 7*t**4/8 + t**3 + t**2 - 87. Let p(v) be the third derivative of y(v). Calculate p(0).
21
Let y(d) = -5*d**2 - 25*d - 51101 + 25549 + 25556. Give y(-5).
4
Let g(p) = -8*p - 174. Let z(d) = -10*d - 181. Let v(h) = 9*g(h) - 8*z(h). Give v(16).
10
Let y(n) be the second derivative of -n**5/20 + 2*n**4/3 + n**3/6 - 9*n**2/2 + 27*n. Let f be y(8). Let o be 2/6*0*f. Let h(c) = -c**3 - c - 20. What is h(o)?
-20
Let x(t) = 172 - 521 - 4*t + 150 + 127 - t. Determine x(-8).
-32
Suppose 58*z = 51*z. Suppose 0 = 13*f - 18*f + 25. Let p(q) = -q + 1 - q**2 - f + 2. Determine p(z).
-2
Let b(c) = 13*c**2 + 51*c - 4 + 64 + 17*c**2 - 33*c**2. Calculate b(18).
6
Suppose -10*w + 7161 = -1369. Let b(h) = -20*h + 853 - w. Give b(2).
-40
Let d be (-1 - 28)*1 - -5. Let k be 188/d - 1/6. Let h(b) = b**2 + 5*b - 2. Determine h(k).
22
Let f = -4113 + 4121. Let m(a) = a**2 + 2*a - 5. Let t be m(-5). Let p(q) = -q**2 - 11*q + t*q - f*q. Determine p(-9).
0
Let c(t) = t**3 + 4*t**2 - 5*t + 20. Suppose -2*g - 3*w = -5*g - 6, 3*g + 4*w = -34. Determine c(g).
-22
Let q(m) be the third derivative of -2*m**4/3 - 22*m**3/3 + 660*m**2 + m + 2. Calculate q(-3).
4
Let t(g) be the first derivative of -g**4/2 + g**3 - g - 942. Determine t(2).
-5
Let s be (-5)/(195/(-15) - -14) - (-2 + 0). Let f(j) = 2*j**2 + 8*j. What is f(s)?
-6
Let w be -140 - (3 - (-3)/(12/(-28))). Let k = -125 - w. Let h(v) = -10*v + 0*v**2 - 8 - v**2 + 2*v**2. Determine h(k).
3
Let m(q) = -48*q + 65. Let n(z) = 51*z - 70. Let c(l) = -14*m(l) - 13*n(l). Suppose -3*b = 4*r - 18, 3*b - 22 = -3*r - 7. What is c(r)?
27
Let s = 23 + -13. Let z(b) be the first derivative of b**2/2 - 12*b - 112. What is z(s)?
-2
Let d(k) = 73*k - 51. Let g(l) = -117*l + 76. Let b(r) = 8*d(r) + 5*g(r). What is b(-15)?
-13
Let x = -2 + 4. Let w(p) be the first derivative of p**6/36